{"id":127,"date":"2020-03-21T19:18:31","date_gmt":"2020-03-21T18:18:31","guid":{"rendered":"https:\/\/www.bjoly.fr\/?page_id=127"},"modified":"2020-04-09T14:10:27","modified_gmt":"2020-04-09T12:10:27","slug":"le-mal-etre","status":"publish","type":"page","link":"https:\/\/www.bjoly.fr\/index.php\/le-mal-etre\/","title":{"rendered":"Le mal-\u00eatre"},"content":{"rendered":"<p>La vie vous emm\u00e8ne souvent sur des chemins pleins d&#8217;embuches. Vous \u00eates dans l&rsquo;incompr\u00e9hension et vous n&rsquo;arrivez pas forc\u00e9ment \u00e0 les g\u00e9rer, les dig\u00e9rer ou \u00e0\u00a0 les assumer. Alors, vous vous enfoncez dans un mal-\u00eatre indescriptible dont vous n&rsquo;avez pas toujours conscience. Vous ressentez\u00a0 au fond de vous m\u00eame, vraiment quelque chose qui ne va pas.<\/p>\n<p>Si vous ne soignez pas ce mal-\u00eatre qui est en vous,\u00a0 il vous ronge chaque jour en prenant de l&rsquo;ampleur. Le mal-\u00eatre vous apporte une interpr\u00e9tation fauss\u00e9e de vos actes.<\/p>\n<p>Votre vision et votre audition sont modifi\u00e9es :<\/p>\n<ul>\n<li><strong>La vision\u00a0 dans le mal-\u00eatre<\/strong> : Vous voyez tout en gris et\/ou en noir. Tout est n\u00e9gatif. Est ce vraiment la r\u00e9alit\u00e9 ?<\/li>\n<li><strong>L&rsquo;audition dans le mal-\u00eatre<\/strong> : Vous entendez des mots, des phrases, parfois des voix n\u00e9gatives qui vous font prendre des d\u00e9cisions que vous ne souhaitez pas. Mais : \u00ab\u00a0c&rsquo;est plus fort que vous &#8211; Est ce vraiment la r\u00e9alit\u00e9 ?\u00a0\u00bb<\/li>\n<\/ul>\n<p>Je peux vous aider afin que vous\u00a0 retrouviez une vision et une audition plus positives, pour une vie plus harmonieuse.<\/p>\n<p>&nbsp;<\/p>\n","protected":false},"excerpt":{"rendered":"<p>La vie vous emm\u00e8ne souvent sur des chemins pleins d&#8217;embuches. Vous \u00eates dans l&rsquo;incompr\u00e9hension et vous n&rsquo;arrivez pas forc\u00e9ment \u00e0 les g\u00e9rer, les dig\u00e9rer ou \u00e0\u00a0 les assumer. Alors, vous vous enfoncez dans un mal-\u00eatre indescriptible dont vous n&rsquo;avez pas toujours conscience. Vous ressentez\u00a0 au fond de vous m\u00eame, vraiment quelque chose qui ne va &hellip; <\/p>\n","protected":false},"author":2,"featured_media":0,"parent":0,"menu_order":0,"comment_status":"closed","ping_status":"closed","template":"","meta":{"footnotes":""},"class_list":["post-127","page","type-page","status-publish","hentry"],"_links":{"self":[{"href":"https:\/\/www.bjoly.fr\/index.php\/wp-json\/wp\/v2\/pages\/127","targetHints":{"allow":["GET"]}}],"collection":[{"href":"https:\/\/www.bjoly.fr\/index.php\/wp-json\/wp\/v2\/pages"}],"about":[{"href":"https:\/\/www.bjoly.fr\/index.php\/wp-json\/wp\/v2\/types\/page"}],"author":[{"embeddable":true,"href":"https:\/\/www.bjoly.fr\/index.php\/wp-json\/wp\/v2\/users\/2"}],"replies":[{"embeddable":true,"href":"https:\/\/www.bjoly.fr\/index.php\/wp-json\/wp\/v2\/comments?post=127"}],"version-history":[{"count":9,"href":"https:\/\/www.bjoly.fr\/index.php\/wp-json\/wp\/v2\/pages\/127\/revisions"}],"predecessor-version":[{"id":397,"href":"https:\/\/www.bjoly.fr\/index.php\/wp-json\/wp\/v2\/pages\/127\/revisions\/397"}],"wp:attachment":[{"href":"https:\/\/www.bjoly.fr\/index.php\/wp-json\/wp\/v2\/media?parent=127"}],"curies":[{"name":"wp","href":"https:\/\/api.w.org\/{rel}","templated":true}]}}