{"id":136,"date":"2020-03-22T16:26:27","date_gmt":"2020-03-22T15:26:27","guid":{"rendered":"https:\/\/www.bjoly.fr\/?page_id=136"},"modified":"2020-04-09T14:25:46","modified_gmt":"2020-04-09T12:25:46","slug":"les-relations-humaines","status":"publish","type":"page","link":"https:\/\/www.bjoly.fr\/index.php\/les-relations-humaines\/","title":{"rendered":"Les relations humaines"},"content":{"rendered":"<p>Depuis ma prime jeunesse, j&rsquo;\u00e9tudie le comportement humain \u00e0 travers leurs \u00e9motions, leurs attitudes, leurs habitudes et leurs r\u00e9actions dans tous les domaines. Apr\u00e8s analyse, j&rsquo;en ai conclu que les relations humaines \u00e9taient compliqu\u00e9es, rendant les communications difficiles, bien souvent \u00e0 cause de l&rsquo;incompr\u00e9hension qui peut se caract\u00e9riser ainsi :<\/p>\n<p>* Sur le fait que chacun de vous porte ses\u00a0\u00bbcroix\u00a0\u00bb de souffrances, de blessures, de peurs et s&rsquo;appuie sur ses diverses exp\u00e9riences n\u00e9gatives, faussant ainsi vos relations sans pour autant comprendre celle des autres.<\/p>\n<p>* Toute personne \u00e9prouve le besoin de communiquer avec ses cong\u00e9n\u00e8res.\u00a0Mais bien souvent,\u00a0 cette incompr\u00e9hension impose certains choix de solitude et d&rsquo;isolement ou\u00a0 de conflits.<\/p>\n<p>Je peux vous aider \u00e0 trouver ces mots et utiliser le bon langage qui vous permettra d&rsquo;\u00eatre compr\u00e9hensible envers soi m\u00eame et envers les autres pour obtenir de meilleures relations humaines en dehors de la d\u00e9sinhibition.<\/p>\n<p>&nbsp;<\/p>\n<p>&nbsp;<\/p>\n<p>&nbsp;<\/p>\n<p>&nbsp;<\/p>\n","protected":false},"excerpt":{"rendered":"<p>Depuis ma prime jeunesse, j&rsquo;\u00e9tudie le comportement humain \u00e0 travers leurs \u00e9motions, leurs attitudes, leurs habitudes et leurs r\u00e9actions dans tous les domaines. Apr\u00e8s analyse, j&rsquo;en ai conclu que les relations humaines \u00e9taient compliqu\u00e9es, rendant les communications difficiles, bien souvent \u00e0 cause de l&rsquo;incompr\u00e9hension qui peut se caract\u00e9riser ainsi : * Sur le fait que &hellip; <\/p>\n","protected":false},"author":2,"featured_media":0,"parent":0,"menu_order":0,"comment_status":"closed","ping_status":"closed","template":"","meta":{"footnotes":""},"class_list":["post-136","page","type-page","status-publish","hentry"],"_links":{"self":[{"href":"https:\/\/www.bjoly.fr\/index.php\/wp-json\/wp\/v2\/pages\/136","targetHints":{"allow":["GET"]}}],"collection":[{"href":"https:\/\/www.bjoly.fr\/index.php\/wp-json\/wp\/v2\/pages"}],"about":[{"href":"https:\/\/www.bjoly.fr\/index.php\/wp-json\/wp\/v2\/types\/page"}],"author":[{"embeddable":true,"href":"https:\/\/www.bjoly.fr\/index.php\/wp-json\/wp\/v2\/users\/2"}],"replies":[{"embeddable":true,"href":"https:\/\/www.bjoly.fr\/index.php\/wp-json\/wp\/v2\/comments?post=136"}],"version-history":[{"count":9,"href":"https:\/\/www.bjoly.fr\/index.php\/wp-json\/wp\/v2\/pages\/136\/revisions"}],"predecessor-version":[{"id":400,"href":"https:\/\/www.bjoly.fr\/index.php\/wp-json\/wp\/v2\/pages\/136\/revisions\/400"}],"wp:attachment":[{"href":"https:\/\/www.bjoly.fr\/index.php\/wp-json\/wp\/v2\/media?parent=136"}],"curies":[{"name":"wp","href":"https:\/\/api.w.org\/{rel}","templated":true}]}}