{"id":576,"date":"2020-06-23T10:05:33","date_gmt":"2020-06-23T08:05:33","guid":{"rendered":"https:\/\/www.bjoly.fr\/?page_id=576"},"modified":"2020-06-23T10:05:33","modified_gmt":"2020-06-23T08:05:33","slug":"mon-aide-aux-adolescents","status":"publish","type":"page","link":"https:\/\/www.bjoly.fr\/index.php\/mon-aide-aux-adolescents\/","title":{"rendered":"Mon Aide aux adolescents"},"content":{"rendered":"<p><img loading=\"lazy\" decoding=\"async\" class=\"alignleft wp-image-579 size-medium\" src=\"https:\/\/www.bjoly.fr\/wp-content\/uploads\/2020\/06\/C_Mon-ado-est-un-gros-naze-mais-je-laime_9083-183x300.jpeg\" alt=\"\" width=\"183\" height=\"300\" srcset=\"https:\/\/www.bjoly.fr\/wp-content\/uploads\/2020\/06\/C_Mon-ado-est-un-gros-naze-mais-je-laime_9083-183x300.jpeg 183w, https:\/\/www.bjoly.fr\/wp-content\/uploads\/2020\/06\/C_Mon-ado-est-un-gros-naze-mais-je-laime_9083-37x60.jpeg 37w, https:\/\/www.bjoly.fr\/wp-content\/uploads\/2020\/06\/C_Mon-ado-est-un-gros-naze-mais-je-laime_9083.jpeg 200w\" sizes=\"auto, (max-width: 183px) 100vw, 183px\" \/>\u00ab\u00a0\u00a0\u00bbOn dit que l&rsquo;adolescence c&rsquo;est l&rsquo;\u00e2ge b\u00eate. C&rsquo;est vrai que c&rsquo;est \u00e0 ce moment l\u00e0 que les parents ne comprennent plus rien.\u00a0\u00bb\u00a0\u00bb\u00a0 (Patrick S\u00e9bastien).<\/p>\n<p><img loading=\"lazy\" decoding=\"async\" class=\"size-medium wp-image-577 alignright\" src=\"https:\/\/www.bjoly.fr\/wp-content\/uploads\/2020\/06\/1e48a5d556b759a920c2ffe204771681-216x300.jpg\" alt=\"\" width=\"216\" height=\"300\" srcset=\"https:\/\/www.bjoly.fr\/wp-content\/uploads\/2020\/06\/1e48a5d556b759a920c2ffe204771681-216x300.jpg 216w, https:\/\/www.bjoly.fr\/wp-content\/uploads\/2020\/06\/1e48a5d556b759a920c2ffe204771681-43x60.jpg 43w, https:\/\/www.bjoly.fr\/wp-content\/uploads\/2020\/06\/1e48a5d556b759a920c2ffe204771681.jpg 324w\" sizes=\"auto, (max-width: 216px) 100vw, 216px\" \/>Quel parent\u00a0 ne s&rsquo;est pas retrouv\u00e9 d\u00e9rout\u00e9 et dans\u00a0 l&rsquo;impuissance de g\u00e9rer les crises de leur adolescent.<\/p>\n<p>\u00ab\u00a0\u00catre un adolescent, c&rsquo;est pire qu&rsquo;\u00eatre un enfant parce que tu es conscient de tout ce qui t&rsquo;arrive \u00a0\u00bb (Michel GOSSELIN).<\/p>\n<p>&nbsp;<\/p>\n<p>&nbsp;<\/p>\n<p>&nbsp;<\/p>\n<p>&nbsp;<\/p>\n<p>Je peux vous aider \u00e0 comprendre votre adolescent et lui faire prendre conscience\u00a0 \u00e0 la vie du monde adulte afin d&rsquo;am\u00e9liorer vos relations.<\/p>\n<p>&nbsp;<\/p>\n<p>&nbsp;<\/p>\n<p>&nbsp;<\/p>\n","protected":false},"excerpt":{"rendered":"<p>\u00ab\u00a0\u00a0\u00bbOn dit que l&rsquo;adolescence c&rsquo;est l&rsquo;\u00e2ge b\u00eate. C&rsquo;est vrai que c&rsquo;est \u00e0 ce moment l\u00e0 que les parents ne comprennent plus rien.\u00a0\u00bb\u00a0\u00bb\u00a0 (Patrick S\u00e9bastien). Quel parent\u00a0 ne s&rsquo;est pas retrouv\u00e9 d\u00e9rout\u00e9 et dans\u00a0 l&rsquo;impuissance de g\u00e9rer les crises de leur adolescent. \u00ab\u00a0\u00catre un adolescent, c&rsquo;est pire qu&rsquo;\u00eatre un enfant parce que tu es conscient de &hellip; <\/p>\n","protected":false},"author":2,"featured_media":0,"parent":0,"menu_order":0,"comment_status":"closed","ping_status":"closed","template":"","meta":{"footnotes":""},"class_list":["post-576","page","type-page","status-publish","hentry"],"_links":{"self":[{"href":"https:\/\/www.bjoly.fr\/index.php\/wp-json\/wp\/v2\/pages\/576","targetHints":{"allow":["GET"]}}],"collection":[{"href":"https:\/\/www.bjoly.fr\/index.php\/wp-json\/wp\/v2\/pages"}],"about":[{"href":"https:\/\/www.bjoly.fr\/index.php\/wp-json\/wp\/v2\/types\/page"}],"author":[{"embeddable":true,"href":"https:\/\/www.bjoly.fr\/index.php\/wp-json\/wp\/v2\/users\/2"}],"replies":[{"embeddable":true,"href":"https:\/\/www.bjoly.fr\/index.php\/wp-json\/wp\/v2\/comments?post=576"}],"version-history":[{"count":8,"href":"https:\/\/www.bjoly.fr\/index.php\/wp-json\/wp\/v2\/pages\/576\/revisions"}],"predecessor-version":[{"id":588,"href":"https:\/\/www.bjoly.fr\/index.php\/wp-json\/wp\/v2\/pages\/576\/revisions\/588"}],"wp:attachment":[{"href":"https:\/\/www.bjoly.fr\/index.php\/wp-json\/wp\/v2\/media?parent=576"}],"curies":[{"name":"wp","href":"https:\/\/api.w.org\/{rel}","templated":true}]}}