{"id":618,"date":"2020-10-14T22:03:41","date_gmt":"2020-10-14T20:03:41","guid":{"rendered":"https:\/\/www.bjoly.fr\/?page_id=618"},"modified":"2024-02-25T12:27:00","modified_gmt":"2024-02-25T11:27:00","slug":"qualite-de-vie-en-entreprise-comment-puis-je-vous-aider","status":"publish","type":"page","link":"https:\/\/www.bjoly.fr\/index.php\/qualite-de-vie-en-entreprise-comment-puis-je-vous-aider\/","title":{"rendered":"Qualit\u00e9 de vie en entreprise."},"content":{"rendered":"<p>Chaque jour, votre vie en entreprise peut \u00eatre fastidieuse, \u00e9puisante psychologiquement et \u00e9motionnellement. Ce ph\u00e9nom\u00e8ne s&rsquo;est fortement accentu\u00e9 durant la crise sanitaire qui a profond\u00e9ment impact\u00e9 votre vie de salari\u00e9 ou de manager, vous trouvant ainsi en d\u00e9tresse psychologique et pr\u00e9sentant des sympt\u00f4mes de d\u00e9pression et d&rsquo;\u00e9puisement.<\/p>\n<p>En cause\u00a0 :<\/p>\n<ul>\n<li>\u00a0<strong>les relations psychosociales<\/strong> :<\/li>\n<\/ul>\n<p>Il peut s&rsquo;agir de conflits, moqueries, surcharges de travail, harc\u00e8lements, r\u00e9int\u00e9gration \u00e0 la suite d&rsquo;un cong\u00e9 longue maladie ou de maternit\u00e9, violences physiques et\/ou psychologiques.<\/p>\n<ul>\n<li><strong>T\u00e9l\u00e9travail obligatoire<\/strong> :<\/li>\n<\/ul>\n<p>Lors de la mise en place de ce fonctionnement de travail, il y a eu pour la plus part d&rsquo;entre vous un sentiment d&rsquo;isolement, des difficult\u00e9s de d\u00e9connexion, de pression de travail au travers des Emails, des flicages d&rsquo;horaires.<\/p>\n<ul>\n<li><strong>L&rsquo;apr\u00e8s COVID en entreprise<\/strong> :<\/li>\n<\/ul>\n<p>Un sentiment d&rsquo;ins\u00e9curit\u00e9 s&rsquo;est install\u00e9\u00a0 en vous\u00a0 pour l&rsquo;avenir de votre emploi, la perte de motivation pour les uns et\u00a0 pour les autres, le sentiment d&rsquo;exercer un travail qui n&rsquo;avait plus aucun sens, vous faisant perdre votre fiert\u00e9 de travailler pour votre entreprise.\u00a0 \u00a0 \u00a0 \u00a0 \u00a0 \u00a0 \u00a0 \u00a0 \u00a0 \u00a0 \u00a0 \u00a0 \u00a0 \u00a0 \u00a0 Un march\u00e9 du travail compl\u00e8tement boulevers\u00e9 et anxiog\u00e8ne.<\/p>\n<ul>\n<li><strong>Management face \u00e0 la crise<\/strong> :<\/li>\n<\/ul>\n<p>Les managers ne sont pas \u00e9pargn\u00e9s face cette situation.\u00a0 Les responsables au sein des entreprises sont parmi les plus touch\u00e9s par cette d\u00e9tresse psychologique qui doivent notamment maintenir la coh\u00e9sion,\u00a0 la motivation, g\u00e9rer l&rsquo;absent\u00e9isme et s&rsquo;adapter \u00e0 cette nouvelle pratique de management \u00e0 distance et faire face \u00e0 de nouvelles formes d&rsquo;incivilit\u00e9s en visio-conf\u00e9rence.<\/p>\n<p>&nbsp;<\/p>\n<p>Apr\u00e8s 24 mois de crise sanitaire, l&rsquo;ensemble du monde du travail est \u00e9puis\u00e9 qu&rsquo;il s&rsquo;agisse des salari\u00e9s ou des managers.<\/p>\n<h2 class=\"widget-title\">comment puis-je vous aider ?<\/h2>\n<p>Je peux\u00a0 vous aider \u00e0 retrouver votre s\u00e9r\u00e9nit\u00e9, la confiance en vous, l&rsquo;\u00e9quilibre et la coh\u00e9sion, votre dynamisme et votre performance.<\/p>\n<p>&nbsp;<\/p>\n<p>&nbsp;<\/p>\n<p>&nbsp;<\/p>\n<p>&nbsp;<\/p>\n<h2><\/h2>\n<h2><\/h2>\n<h2 class=\"widget-title\"><\/h2>\n","protected":false},"excerpt":{"rendered":"<p>Chaque jour, votre vie en entreprise peut \u00eatre fastidieuse, \u00e9puisante psychologiquement et \u00e9motionnellement. Ce ph\u00e9nom\u00e8ne s&rsquo;est fortement accentu\u00e9 durant la crise sanitaire qui a profond\u00e9ment impact\u00e9 votre vie de salari\u00e9 ou de manager, vous trouvant ainsi en d\u00e9tresse psychologique et pr\u00e9sentant des sympt\u00f4mes de d\u00e9pression et d&rsquo;\u00e9puisement. En cause\u00a0 : \u00a0les relations psychosociales : Il &hellip; <\/p>\n","protected":false},"author":1,"featured_media":0,"parent":0,"menu_order":0,"comment_status":"closed","ping_status":"closed","template":"","meta":{"footnotes":""},"class_list":["post-618","page","type-page","status-publish","hentry"],"_links":{"self":[{"href":"https:\/\/www.bjoly.fr\/index.php\/wp-json\/wp\/v2\/pages\/618","targetHints":{"allow":["GET"]}}],"collection":[{"href":"https:\/\/www.bjoly.fr\/index.php\/wp-json\/wp\/v2\/pages"}],"about":[{"href":"https:\/\/www.bjoly.fr\/index.php\/wp-json\/wp\/v2\/types\/page"}],"author":[{"embeddable":true,"href":"https:\/\/www.bjoly.fr\/index.php\/wp-json\/wp\/v2\/users\/1"}],"replies":[{"embeddable":true,"href":"https:\/\/www.bjoly.fr\/index.php\/wp-json\/wp\/v2\/comments?post=618"}],"version-history":[{"count":5,"href":"https:\/\/www.bjoly.fr\/index.php\/wp-json\/wp\/v2\/pages\/618\/revisions"}],"predecessor-version":[{"id":704,"href":"https:\/\/www.bjoly.fr\/index.php\/wp-json\/wp\/v2\/pages\/618\/revisions\/704"}],"wp:attachment":[{"href":"https:\/\/www.bjoly.fr\/index.php\/wp-json\/wp\/v2\/media?parent=618"}],"curies":[{"name":"wp","href":"https:\/\/api.w.org\/{rel}","templated":true}]}}

Qualité de vie en entreprise.

<p>Chaque jour, votre vie en entreprise peut être fastidieuse, épuisante psychologiquement et émotionnellement. Ce phénomène s&rsquo;est fortement accentué durant la crise sanitaire qui a profondément impacté votre vie de salarié ou de manager, vous trouvant ainsi en détresse psychologique et présentant des symptômes de dépression et d&rsquo;épuisement.</p>
<p>En cause  :</p>
<ul>
<li> <strong>les relations psychosociales</strong> :</li>
</ul>
<p>Il peut s&rsquo;agir de conflits, moqueries, surcharges de travail, harcèlements, réintégration à la suite d&rsquo;un congé longue maladie ou de maternité, violences physiques et/ou psychologiques.</p>
<ul>
<li><strong>Télétravail obligatoire</strong> :</li>
</ul>
<p>Lors de la mise en place de ce fonctionnement de travail, il y a eu pour la plus part d&rsquo;entre vous un sentiment d&rsquo;isolement, des difficultés de déconnexion, de pression de travail au travers des Emails, des flicages d&rsquo;horaires.</p>
<ul>
<li><strong>L&rsquo;après COVID en entreprise</strong> :</li>
</ul>
<p>Un sentiment d&rsquo;insécurité s&rsquo;est installé  en vous  pour l&rsquo;avenir de votre emploi, la perte de motivation pour les uns et  pour les autres, le sentiment d&rsquo;exercer un travail qui n&rsquo;avait plus aucun sens, vous faisant perdre votre fierté de travailler pour votre entreprise.                              Un marché du travail complètement bouleversé et anxiogène.</p>
<ul>
<li><strong>Management face à la crise</strong> :</li>
</ul>
<p>Les managers ne sont pas épargnés face cette situation.  Les responsables au sein des entreprises sont parmi les plus touchés par cette détresse psychologique qui doivent notamment maintenir la cohésion,  la motivation, gérer l&rsquo;absentéisme et s&rsquo;adapter à cette nouvelle pratique de management à distance et faire face à de nouvelles formes d&rsquo;incivilités en visio-conférence.</p>
<p>&nbsp;</p>
<p>Après 24 mois de crise sanitaire, l&rsquo;ensemble du monde du travail est épuisé qu&rsquo;il s&rsquo;agisse des salariés ou des managers.</p>
<h2 class="widget-title">comment puis-je vous aider ?</h2>
<p>Je peux  vous aider à retrouver votre sérénité, la confiance en vous, l&rsquo;équilibre et la cohésion, votre dynamisme et votre performance.</p>
<p>&nbsp;</p>
<p>&nbsp;</p>
<p>&nbsp;</p>
<p>&nbsp;</p>
<h2></h2>
<h2></h2>
<h2 class="widget-title"></h2>

<p>Chaque jour, votre vie en entreprise peut être fastidieuse, épuisante psychologiquement et émotionnellement. Ce phénomène s&rsquo;est fortement accentué durant la crise sanitaire qui a profondément impacté votre vie de salarié ou de manager, vous trouvant ainsi en détresse psychologique et présentant des symptômes de dépression et d&rsquo;épuisement. En cause  :  les relations psychosociales : Il &hellip; </p>
